 = l + 3*n - 6. List the prime factors of k(l).
2, 3
Let o(t) = -t**2 - 2*t + 18. Let q be o(-5). Suppose 3*x + q*s + 1 - 4 = 0, -7 = 5*x + s. What are the prime factors of (x - 4/(-6))*-213?
2, 71
Suppose 0 = 19*r - 121*r - 19381 + 429523. List the prime factors of r.
4021
Let z(p) = p**3 + 14*p**2 + 22*p - 3. Let d be z(-10). Suppose -3*x = -3*u + 864, -2*u + x + d + 396 = 0. List the prime factors of u.
3, 5, 19
Let o = -49500 + 70688. List the prime factors of o.
2, 5297
Suppose 0 = -4*k + 4, 14*g - 5*k = 11*g + 1. List the prime factors of (2 - g) + 305 + 22.
3, 109
Let n(t) = 5*t - 114. Let l be n(40). Suppose -319 = -3*x + 71. Let h = x - l. List the prime factors of h.
2, 11
List the prime factors of ((-44)/132)/(1/(-96507))*1.
3, 10723
List the prime factors of (-237374)/(-11) + (-228)/12122*-29.
2, 5, 13, 83
Suppose -14*q = 4*q + 41868. Let h = q + 3984. What are the prime factors of h?
2, 829
Suppose -w - 3*w + 136 = -5*q, -4*q + 13 = w. Suppose -o - 111 - w = 0. List the prime factors of -4*12/(-32)*-2 - o.
137
Suppose 164*o - 520164 = 2674556. What are the prime factors of o?
2, 5, 487
Let n(m) = -9*m - 20. Suppose -42 - 138 = -5*i. Let y = i + -48. What are the prime factors of n(y)?
2, 11
Let m = 11365 - -2849. What are the prime factors of m?
2, 3, 23, 103
Let b(r) be the second derivative of r**4/12 - r**3/6 + 3*r**2/2 - 22*r. Let l be b(3). Suppose l*c - 298 = 7*c. List the prime factors of c.
149
Let z = 133 + -136. Let j be 274 + 1/z*-6. Suppose 5*n = 3*f - 798, -3*n - 255 = -2*f + j. List the prime factors of f.
3, 29
Let v(t) = -95*t + 89. Suppose 0 = 2*a + 2*n + 10, 9*n - 4*n - 20 = 0. What are the prime factors of v(a)?
2, 59
Let j = -24 + 38. Let l = j + -11. Suppose 12 = -l*w, c - 49 = -2*w + 6*w. List the prime factors of c.
3, 11
What are the prime factors of (-12)/(-24)*-41518*((-5 - -2) + 0)?
3, 20759
Let n(f) = 279*f - 3676. List the prime factors of n(70).
2, 7927
Let u(c) = c**2 + 6*c + 6. Let a be u(-6). Suppose 3 = -5*s + y, 0 = s - a*s - 4*y + 12. Suppose 115 = -s*n + n. What are the prime factors of n?
5, 23
Let u(y) = -y**2 + 3*y + 87. Let j be u(25). Let r = j - -814. List the prime factors of r.
3, 13
Suppose -5*k - 7273 = -12*k. Let h = -544 + k. List the prime factors of h.
3, 5, 11
Suppose -10*b = -8*b - 12. Suppose -b*a + 0*a + 1932 = 0. Suppose -28*q + a = -21*q. List the prime factors of q.
2, 23
Let z(b) = 7*b**2 - 4*b + 4. Let t be z(-6). Let y(i) = 16*i - 42. Let w be y(-9). Let n = t + w. What are the prime factors of n?
2, 47
Let p = 21749 - -20628. List the prime factors of p.
31, 1367
Suppose 3*w = 2*f - 15, -2 = -4*w - 22. What are the prime factors of 8/(-8)*370/(f - 1)?
2, 5, 37
Let r = 37886 - 17870. List the prime factors of r.
2, 3, 139
What are the prime factors of (0*(1 - (-3)/(-2)) - -9840) + 1?
13, 757
Let f(z) = z**3 - 5*z**2 + 3*z + 8. Let p be f(2). Suppose -3315 = -p*q - q. List the prime factors of q.
5, 13, 17
Let w(d) = 64*d - 203. Let g be (-2)/(-5*(-6)/(-225)). List the prime factors of w(g).
757
Let l(o) = -5*o**3 + 18*o**2 + 314*o + 84. What are the prime factors of l(-17)?
3, 8171
Suppose 3*a - 16*a + 4352 = 855. What are the prime factors of a?
269
Let q be (-14*2/(-4))/1. Let r(f) = -f**3 + 9*f**2 + 4*f + 4. Let k be r(q). What are the prime factors of (-52)/k + (-804)/(-10)?
2, 5
Suppose 5*w + 3*g = -2358, -w = 3*g + 299 + 163. What are the prime factors of w*(-2)/6*39/26?
3, 79
Suppose -25*z = -27*z - 32. Let x(c) = -c**3 - 17*c**2 - 28*c - 8. List the prime factors of x(z).
2, 23
Suppose 7*k = 2*k. Let r be (k + 6/2)*-11. Let q = r + 92. What are the prime factors of q?
59
Let n = -219 - -219. Suppose 5*k = -4*m - n*m + 1091, -k = m - 272. List the prime factors of m.
269
Let c be 92/6*60/2. Suppose -3*h + c = 3*b - 5*b, h - 2*b = 156. What are the prime factors of h?
2, 19
Let r(m) = 34*m**2 + 129*m - 1063. What are the prime factors of r(8)?
3, 5, 11, 13
Let v = -185 + 189. List the prime factors of 6/v*(-5 + 2215/15).
2, 107
List the prime factors of (-43040)/(-6) + -20*(-17)/204.
5, 7, 41
Suppose -3623 = -7*a - 2121 + 2943. List the prime factors of a.
5, 127
Let o = 164 - 256. Let r be 0 + 4 + -5 + o/(-1). Suppose 3*w + 29 + r = 3*p, -4*p + 166 = 2*w. What are the prime factors of p?
41
Suppose -5*z - 6*z = z - 37992. List the prime factors of z.
2, 1583
What are the prime factors of -1 - -1354 - -22*(-33)/121?
3, 449
List the prime factors of 1255167/(-356)*(-1 - 11).
3, 1567
Suppose -35*k + 37*k + 14734 = d, -5*k = 2*d - 29432. What are the prime factors of d?
2, 37, 199
Let w(k) = -k**3 - 10*k**2 - 12*k - 5. Let j be w(-9). Let g be (-2)/5*(-165)/j. Suppose 20 = g*n - 73. List the prime factors of n.
31
Suppose 3*m - 451 = 1349. List the prime factors of 6 + 1/(4/m).
2, 3, 13
Let c(x) = x**2 - 14*x + 8. Let n(y) = y**2 + 4. Let m be n(0). Suppose 2*f = m*q - 70, -f = 4*q - 0*f - 67. List the prime factors of c(q).
59
Suppose 42046 = 31*z - 41693 - 152109. What are the prime factors of z?
2, 3, 317
Let d(f) = -f - 9. Let v be d(-9). Let b(w) be the second derivative of w**5/20 - w**3/3 + 35*w**2 - 449*w. What are the prime factors of b(v)?
2, 5, 7
Let n = -9 + 20. Let w(a) = -2 + 43*a - n*a - 9*a - 17*a. List the prime factors of w(3).
2
Let z(m) = 35*m + 366. Let h(o) = 66*o + 732. Let s(n) = 4*h(n) - 7*z(n). List the prime factors of s(18).
2, 3, 59
Let i(b) = 4*b + 1. Let h be i(1). Let l = -3804 - -3814. List the prime factors of h/(l/84) + -4 + 3.
41
Let m be (-12)/(-3)*111/12. Let a = -127 + m. Let s = a - -119. What are the prime factors of s?
29
Suppose -2*f - 4*u + 48 = 0, 3*f + 4*u = -0*u + 82. Suppose -2*i - 5 = -5*x - f, -i + 2*x + 13 = 0. List the prime factors of (68/(-8) + i)*(-100)/2.
3, 5
Let j(q) = 6*q + 17. Suppose 65 = 3*n + 11. Let h be j(n). Suppose l = -2*t + h, -5*t - 3*l = -51 - 260. List the prime factors of t.
2
Suppose -4 = -4*r - 20. Let d(g) = g**2 - 10. Let q be d(r). Suppose 99 = q*p - 429. What are the prime factors of p?
2, 11
Let c(x) = -3*x + 28. Let d be c(9). Suppose -5*o - 6 = -d, 5*h = 5*o + 25. Suppose -w + 84 = -2*y, -2*w + 109 = h*y - 43. What are the prime factors of w?
2, 5
Let w = 1246 + -2436. Let q be -8 - (2/5)/((-11)/55). List the prime factors of q/(-5)*w/(-21).
2, 17
Suppose -10*o = -8*o + 312. Let x = 146 - o. What are the prime factors of x?
2, 151
Let d(a) = 3*a**3 - 4*a**3 + 213 - 6*a**2 + 10*a - 243. List the prime factors of d(-10).
2, 3, 5
Let r = -1004 + 904. What are the prime factors of (240/r)/(3/(-365))?
2, 73
Let i = 3328 - 1688. Suppose -i = 88*s - 93*s. List the prime factors of s.
2, 41
Suppose 0 = 20*q - 21*q + 43. Suppose -22 = -k + 2*r, -r - q = -2*k + 4*r. Suppose 0 = s - k + 2. List the prime factors of s.
2, 11
What are the prime factors of ((-3906)/4)/((-6)/40)?
2, 3, 5, 7, 31
Suppose -q - 19213 = -2*l, 126*q = 121*q - 5. List the prime factors of l.
2, 3, 1601
Let d(j) = -3 - 6 - 14*j - 6 + 220*j**2 + 4 - 2. What are the prime factors of d(-1)?
13, 17
Let b(n) be the first derivative of 7*n**3/3 + 29*n + 81. What are the prime factors of b(11)?
2, 3, 73
Suppose 0 = p + p. Let v(x) = x**2 + 46. List the prime factors of v(p).
2, 23
Suppose 0 = i - 5*j - 9875, 2*i - 4*j = 6*i - 39380. List the prime factors of i.
2, 5, 197
Let z = -3783 + 22526. List the prime factors of z.
18743
Suppose 0 = -112*q + 827335 + 1519513. List the prime factors of q.
2, 10477
Suppose -s = -3*j + 15, -18*j + 1 = -20*j - 3*s. List the prime factors of ((-4864)/13 + j/26)*-2.
2, 11, 17
Suppose -4*u - 5*k + 5449 = 216, -4*k = 5*u - 6539. Suppose -1299 = -i + s, -3*s - u = -0*i - i. What are the prime factors of i?
5, 7, 37
Let p be (8/16)/(1/204). Let y = p - -465. List the prime factors of y.
3, 7
Suppose 0 = -29*r + 30*r - 2. Let w be (-5)/((-30)/(-12)) - r*1. What are the prime factors of (-1)/w - 5870/(-40)?
3, 7
Let m = 18 - -3. Suppose -3*b - 20 = -o + 19, -o - 3*b = -m. Suppose 0 = s + o - 94. What are the prime factors of s?
2
Suppose -4*z + 29*z + 74472 = 211747. What are the prime factors of z?
17, 19
Suppose s - 366 - 381 = 0. Suppose -9*d + 3897 - s = 0. List the prime factors of d.
2, 5, 7
Let w = 141244 - 69172. What are the prime factors of w?
2, 3, 7, 11, 13
What are the prime factors of 8